?
True
Does 41 divide 54512?
False
Is 22 a factor of 1406?
False
Does 15 divide 1000?
False
Is 2 a factor of 55?
False
Is 49850 a multiple of 7?
False
Is 6729 a multiple of 33?
False
Does 10 divide 247?
False
Is 9 a factor of 4095?
True
Does 7 divide 30309?
False
Is 70 a factor of 910?
True
Is 52 a factor of 37960?
True
Is 100 a factor of 8000?
True
Is 27 a factor of 2889?
True
Is 6 a factor of 330?
True
Is 2620 a multiple of 5?
True
Is 267 a factor of 33642?
True
Is 6977 a multiple of 103?
False
Is 61 a factor of 1236?
False
Is 489 a multiple of 9?
False
Is 10070 a multiple of 19?
True
Is 46 a factor of 58972?
True
Is 3248 a multiple of 56?
True
Is 11 a factor of 473?
True
Does 80 divide 2115?
False
Is 319 a factor of 58459?
False
Does 56 divide 1781?
False
Does 5 divide 18?
False
Is 5798 a multiple of 2?
True
Is 524 a multiple of 4?
True
Is 5 a factor of 6160?
True
Is 2535 a multiple of 65?
True
Is 28590 a multiple of 23?
False
Is 260 a multiple of 10?
True
Is 35 a factor of 805?
True
Does 145 divide 24360?
True
Is 26802 a multiple of 35?
False
Is 606 a multiple of 21?
False
Is 74 a factor of 505?
False
Is 2052 a multiple of 28?
False
Does 8 divide 416?
True
Is 2258 a multiple of 22?
False
Does 52 divide 3128?
False
Is 13257 a multiple of 3?
True
Does 9 divide 15543?
True
Is 8550 a multiple of 50?
True
Is 1005 a multiple of 15?
True
Is 5 a factor of 485?
True
Does 19 divide 133?
True
Is 22 a factor of 787?
False
Is 66 a factor of 19249?
False
Does 16 divide 771?
False
Is 1024 a multiple of 15?
False
Is 18 a factor of 1116?
True
Does 15 divide 2320?
False
Does 115 divide 28573?
False
Does 5 divide 25330?
True
Does 14 divide 15266?
False
Is 1050 a multiple of 75?
True
Is 1395 a multiple of 36?
False
Is 7984 a multiple of 9?
False
Is 6127 a multiple of 161?
False
Does 25 divide 44163?
False
Is 10 a factor of 80?
True
Does 17 divide 988?
False
Is 13 a factor of 2549?
False
Does 24 divide 10782?
False
Is 9 a factor of 15543?
True
Does 19 divide 13756?
True
Is 13893 a multiple of 9?
False
Is 43 a factor of 5377?
False
Does 17 divide 12478?
True
Does 4 divide 128?
True
Is 282 a factor of 31287?
False
Is 7676 a multiple of 56?
False
Is 980 a multiple of 35?
True
Is 17 a factor of 9107?
False
Is 7 a factor of 29?
False
Is 4105 a multiple of 60?
False
Does 7 divide 3955?
True
Is 52 a factor of 988?
True
Is 519 a multiple of 41?
False
Does 123 divide 139728?
True
Is 23364 a multiple of 12?
True
Does 19 divide 5469?
False
Does 34 divide 781?
False
Is 1646 a multiple of 111?
False
Does 7 divide 693?
True
Does 45 divide 2205?
True
Is 8098 a multiple of 2?
True
Is 234 a multiple of 39?
True
Does 25 divide 600?
True
Is 20869 a multiple of 7?
False
Is 307 a factor of 19567?
False
Is 6150 a multiple of 55?
False
Does 11 divide 77?
True
Does 155 divide 1893?
False
Does 9 divide 1278?
True
Is 8 a factor of 475?
False
Is 558 a multiple of 6?
True
Is 162 a factor of 2384?
False
Is 6562 a multiple of 48?
False
Does 6 divide 936?
True
Is 15 a factor of 21480?
True
Is 2398 a multiple of 109?
True
Is 7095 a multiple of 55?
True
Is 386 a multiple of 14?
False
Is 17 a factor of 131563?
True
Is 21 a factor of 8946?
True
Is 160 a multiple of 5?
True
Is 11 a factor of 506?
True
Does 7 divide 53317?
False
Is 45 a factor of 10305?
True
Does 48 divide 1167?
False
Is 3430 a multiple of 5?
True
Is 265 a multiple of 27?
False
Is 5 a factor of 1090?
True
Is 17744 a multiple of 101?
False
Does 38 divide 2535?
False
Is 3 a factor of 625?
False
Is 153 a factor of 6426?
True
Is 86346 a multiple of 18?
True
Does 9 divide 1233?
True
Is 46 a factor of 267?
False
Is 405 a multiple of 15?
True
Is 15 a factor of 34625?
False
Does 11 divide 385?
True
Is 28 a factor of 6468?
True
Is 13 a factor of 10738?
True
Does 23 divide 16596?
False
Is 766 a multiple of 6?
False
Is 25 a factor of 6879?
False
Does 118 divide 2276?
False
Is 12635 a multiple of 5?
True
Is 8 a factor of 998?
False
Is 785 a multiple of 43?
False
Is 12 a factor of 696?
True
Is 125928 a multiple of 20?
False
Does 16 divide 1248?
True
Does 17 divide 18236?
False
Is 5 a factor of 1798?
False
Is 12 a factor of 106093?
False
Does 12 divide 1908?
True
Is 13 a factor of 3560?
False
Is 12 a factor of 1453?
False
Is 156 a factor of 29016?
True
Is 2074 a multiple of 2?
True
Is 22230 a multiple of 285?
True
Does 26 divide 3336?
False
Does 90 divide 1890?
True
Does 25 divide 3475?
True
Is 4 a factor of 137?
False
Is 533 a multiple of 3?
False
Is 84 a multiple of 16?
False
Is 84 a multiple of 14?
True
Is 25 a factor of 450?
True
Is 5 a factor of 1420?
True
Is 17 a factor of 991?
False
Is 1349 a multiple of 19?
True
Does 30 divide 2411?
False
Is 52 a factor of 299?
False
Does 4 divide 53?
False
Is 12 a factor of 2364?
True
Is 3 a factor of 193?
False
Does 38 divide 1291?
False
Does 12 divide 1332?
True
Does 22 divide 1262?
False
Does 8 divide 5731?
False
Is 2545 a multiple of 11?
False
Is 37 a factor of 2664?
True
Is 13 a factor of 2078?
False
Does 6 divide 1900?
False
Is 26256 a multiple of 12?
True
Is 12 a factor of 3420?
True
Does 9 divide 25?
False
Does 97 divide 46075?
True
Is 3366 a multiple of 102?
True
Is 212 a multiple of 9?
False
Does 28 divide 512?
False
Is 74 a factor of 444?
True
Is 1829 a multiple of 31?
True
Is 23 a factor of 56085?
False
Is 20 a factor of 44415?
False
Is 624 a multiple of 39?
True
Is 3380 a multiple of 20?
True
Is 7 a factor of 91?
True
Is 903 a multiple of 10?
False
Is 1974 a multiple of 44?
False
Does 11 divide 41295?
False
Is 1263 a multiple of 43?
False
Does 56 divide 1364?
False
Does 41 divide 7011?
True
Is 19 a factor of 677?
False
Is 39216 a multiple of 251?
False
Is 3908 a multiple of 4?
True
Does 338 divide 82367?
False
Does 16 divide 1104?
True
Is 57 a factor of 2411?
False
Is 575 a multiple of 23?
True
Is 5 a factor of 155?
True
Is 289 a factor of 39705?
False
Is 38 a factor of 31008?
True
Is 9694 a multiple of 74?
True
Is 12908 a multiple of 85?
False
Does 10 divide 17118?
False
Does 8 divide 114840?
True
Is 74 a factor of 13654?
False
Is 19170 a multiple of 18?
True
Is 528 a multiple of 8?
True
Is 416 a multiple of 52?
True
Is 78 a factor of 21840?
True
Does 51 divide 761?
False
Is 14025 a multiple of 23?
False
Is 2 a factor of 32?
True
Is 18 a factor of 180?
True
Is 81 a factor of 7452?
True
Does 16 divide 1037?
False
Is 82 a factor of 26158?
True
Does 51 divide 2726?
False
Does 14 divide 4214?
True
Is 12 a factor of 2141?
False
Is 7852 a multiple of 15?
False
Does 114 divide 1596?
True
Is 3192 a multiple of 76?
True
Is 19016 a multiple of 21?
False
Is 11900 a multiple of 70?
True
Is 40154 a multiple of 4?
False
Is 57 a factor of 1254?
True
Is 21 a factor of 821?
False
Is 520 a multiple of 8?
True
Does 18 divide 9911?
False
Is 11929 a multiple of 79?
True
Is 93533 a multiple of 20?
False
Is 4200 a multiple of 24?
True
Is 630 a multiple of 14?
True
Is 36766 a multiple of 8?
False
Is 79 a factor of 2091?
False
Does 77 divide 2233?
True
Is 61 a factor of 19313?
False
Does 363 divide 86438?
False
Does 35 divide 559?
False
Is 3729 a multiple of 4?
False
Is 9 a factor of 82782?
True
Is 6 a factor of 420?
True
Does 25 divide 3509?
False
Is 62 a multiple of 31?
True
Is 3688 a multiple of 23?
False
Is 13 a factor of 4095?
True
Is 9 a factor of 1176?
False
Does 96 divide 1437?
False
Is 3968 a multiple of 4?
True
Does 2 divide 37?
False
Does 13 divide 2170?
False
Is 35536 a multiple of 10?
False
Is 32 a factor of 608?
True
Is 2226 a multiple of 53?
True
Does 49 divide 72618?
True
Is 3003 a multiple of 21?
True
Does 20 divide 2240?
True
Is 240 a multiple of 15?
True
Is 1404 a multiple of 12?
True
Is 11 a factor of 596?
False
Is 720 a multiple of 48?
True
Does 7 divide 81?
False
Does 20 divide 2180?
True
Is 1980 a multiple of 60?
True
Is 55 a multiple of 27?
False
Is 49692 a multiple of 82?
True
Is 34 a factor of 76840?
True
Is 28 a factor of 1277?
False
Does 10 divide 170?
True
Does 15 divide 1530?
True
Is 72243 a multiple of 15?
False
Is 11 a factor of 1419?
True
Does 129 divide 35014?
False
Is 71 a factor of 6254?
False
Is 1542 a multiple of 6?
True
Does 40 divide 3600?
True
Does 27 divide 488?
False
Is 679 a multiple of 17?
False
Is 14 a factor of 12176?
False
Is 16480 a multiple of 290?
False
Doe